a prime number?
False
Suppose -8*w = -5*w - 102. Let o = 38 - w. Suppose -n - 4*c + 67 = 0, n - 12 = o*c + 23. Is n a prime number?
False
Let g = 667581 - 201436. Is g a composite number?
True
Suppose -z + 0*x - 189 = 5*x, 2*x = -2*z - 402. Is -2 - -4 - 3*z prime?
False
Suppose 12*f - 411475 = -4*g + 44341, 227873 = 2*g + f. Is g a composite number?
False
Suppose q - 112913 = -4*c, c - 91 = -85. Is q a composite number?
True
Suppose 5*x = -5*v + 1577445, 1088*x - 946439 = 1085*x + 4*v. Is x prime?
False
Let j = -4 - -4. Let f(x) = x**3 + 8*x**2 - 8*x - 12. Let s be f(-7). Suppose j = -o + 4*o - s. Is o a prime number?
True
Let x(k) be the third derivative of -23*k**6/120 + k**5/10 - k**4/3 - 5*k**3/6 - k**2 + 18*k. Is x(-6) a prime number?
True
Let m(o) = 9607*o**2 - 55*o - 135. Is m(-7) a prime number?
True
Let o(d) = 9*d + 90. Let j be o(6). Suppose -j - 671 = -x. Is x a prime number?
False
Suppose -4*j = 2398 + 15058. Let x = 12181 + j. Suppose x - 1467 = 10*v. Is v prime?
False
Let u be 4/6 + 1756286/(-21). Let v = -54623 - u. Is v a composite number?
False
Suppose 2*q + 5*x = 58483, 6*x - x = -q + 29244. Is q composite?
True
Suppose 0 = 2063*a - 2074*a + 2169233. Is a composite?
False
Suppose 0 = -3*t + 4*g - 19, -2*t + 3*g = -t + 3. Suppose -2*x = -3*x + 4*v - 22, x - v = -7. Is (-2)/t - (x - 2019/27) composite?
True
Let h = 544 + -542. Is -5 + (-182460)/(-6) + -4 + h a prime number?
True
Suppose 15*u = 20*u - 140. Suppose 0 = c - 34 + u. Suppose -5178 = -12*v + c*v. Is v a composite number?
False
Suppose 0 = k + 5*m + 4, -8 = -0*k + 2*k - 3*m. Let x = 9 - k. Suppose -x*y = -292 - 150. Is y composite?
True
Suppose -212416 = -7*p + 3*p - 4*x, -4*p + 212376 = -4*x. Is p prime?
False
Let p(s) = 3*s + 6. Let r be p(-2). Is 1 + 3 - (r + -2233) prime?
True
Let i(q) = -q**2 + 5*q + 53. Let v be i(-5). Is (7 - 10) + (3/v - -755) a composite number?
True
Suppose 55*y - 53*y - 6 = 0. Suppose y*r - 1114 = -2*h + 2846, 4*h - 7900 = 4*r. Is h a prime number?
False
Suppose -v - v = 3*f + 24990, -3*f = 4*v + 24996. Let l = f - -23087. Is l a prime number?
True
Let j be (-36)/6*(-3)/6. Suppose j*n - 6*n = -1689. Suppose -l + n = -0*l. Is l a prime number?
True
Suppose -45*g + 17206 = -31*g. Let x = g - 688. Is x prime?
True
Let j = -4415 + 1558. Let c = 4792 - j. Is c a prime number?
True
Is (-1822322)/(-8) + (-22)/352*20 a prime number?
True
Let v(u) = -2*u + 46 + 42 - 137 + 47 - 5539*u**3. Is v(-1) a composite number?
True
Suppose 6*d - d - 20 = 0. Suppose d*y = -b + 1483 + 1354, -2867 = -b + 2*y. Is b composite?
False
Let t(p) be the second derivative of p**5/20 - p**4/12 - 10*p**3/3 + 19*p**2/2 - p. Let f(g) = -g**3 - 26*g**2 - 92*g - 78. Let a be f(-22). Is t(a) composite?
False
Let z(k) = -33*k - 3. Let w(x) = 64*x + 7. Let i(g) = -2*w(g) - 5*z(g). Suppose -8 = -3*t + 10. Is i(t) a composite number?
False
Suppose 2*i - i - 3617 = 5*t, -t = 5. Suppose 10*f = 2*f + i. Is f a prime number?
True
Let d = 55 - 51. Let j be (-3)/2 + d + 25636/8. Let g = j + 586. Is g a composite number?
False
Let w(g) = g + 24. Let k be w(-19). Let z(c) = 15*c**2 - 4*c - 6*c + 7*c + c**3 + 9 - k*c. Is z(-8) prime?
True
Suppose -2*r + 4*k + 50694 = 0, -13*r - 3*k + 50666 = -11*r. Is r composite?
False
Suppose 0 = -3*c + 31 - 25. Let o(t) = 41*t**3 + 2*t**2 + 1. Is o(c) prime?
True
Let d = 14528 - -12104. Let x = d - 17451. Is x prime?
True
Let z(u) = 65*u + 1. Let g = -482 - -494. Is z(g) prime?
False
Suppose 5649391 = 94*k - 10288591. Is k a prime number?
True
Let a = 204 - 204. Suppose 3*q - 1946 = 2*f + 8179, q - 3*f - 3368 = a. Is q prime?
False
Suppose -8*l + 81901 = -4379. Suppose 6*m + v - 43198 = 2*m, -m + l = -7*v. Is m a prime number?
True
Suppose 583*i = 544*i + 151156785. Is i composite?
True
Suppose n + 0*n = 3*p - 8, 3*n + 17 = 2*p. Let g(c) = -20*c**3 - 7*c**2 - 32*c - 26. Is g(n) a composite number?
False
Suppose -255*i + 284445071 = 97869986. Is i a prime number?
False
Let t(j) = 34*j - 8 + j**3 - 13*j**2 - 5 + 8. Is t(13) composite?
True
Let m(j) = j**3 + 9*j**2 - 11*j + 17. Let w(f) = f + 16. Let u be w(-8). Let g be m(u). Suppose -h - 266 = -g. Is h a prime number?
True
Let y(z) = 86*z**2 - 2*z - 3. Let r(a) = 171*a**2 - 3*a - 5. Let s(l) = 2*r(l) - 5*y(l). Let k be s(-1). Is (-42)/9*k/2 prime?
False
Let u be 1262740/120 - 2/(-12). Let f = u - -6818. Is f a composite number?
False
Suppose 0 = 3*x - 3*d - 171141, -x + 57023 = 13*d - 18*d. Is x a prime number?
False
Let u be 196/(-56)*24/(-21). Suppose 0 = 3*t + b - 758, -4*t - 2*b = -u*b - 1024. Is t composite?
True
Suppose -4*m + 2*s = -77794, m - 2*m - 5*s + 19432 = 0. Is m composite?
False
Let o = 213 - 216. Is (-373)/(o + 144/21 + -4) a composite number?
True
Suppose -741671 = -5*h + 4*j + 808246, -4*j = -3*h + 929963. Is h prime?
True
Let c(l) = l**3 + 72*l**2 - 21*l - 1097. Let b be c(-72). Let v(q) = 195*q**3 - q**2 - q + 1. Let k be v(1). Suppose -7*p = -k - b. Is p a prime number?
False
Is (((-168)/(-36))/(-7))/((-318286)/318282 + 1) a composite number?
False
Let b(n) = 2*n**2 + 25*n - 42. Let d be b(-14). Is (-67)/1*((d - 1) + -2) a composite number?
True
Suppose -125*t = -120*t - 16000. Let z = t - -2589. Is z composite?
True
Is 2/(-24)*(-453254160)/20 composite?
False
Let s(q) = 5*q**2 + 67*q + 1295. Is s(-15) composite?
True
Let v be ((-51)/(-9) - -1) + 1/3. Suppose z + d - 3*d + 4 = 0, 3*d = 2*z + v. Let h(p) = -200*p**3 - p**2 + p + 3. Is h(z) a composite number?
False
Let h = 377 + -374. Suppose -2*s = 2*m - h*s - 17466, 3*m = -2*s + 26213. Is m composite?
True
Let y = -2393 - -15601. Suppose -y = -4*z + 12876. Is z composite?
False
Let x(j) = -108*j**3 + 10*j**2 - 14*j - 12. Let b be x(-5). Let h = b + -6579. Is h a composite number?
False
Let v(r) = 1548*r - 75. Let y(x) = x**2 + 8*x + 15. Let u be y(-6). Is v(u) a prime number?
False
Let l = 23 + -23. Let b be 4/12 - l - (-3)/(-9). Suppose 15*w - 11*w - 4292 = b. Is w a prime number?
False
Suppose -115*b = -286*b + 174152043. Is b composite?
True
Let i = 7258 - -4202. Let j = i + -5381. Is j a composite number?
False
Let a(j) = -131*j**3 + 22*j**2 + 11*j + 547. Is a(-19) a composite number?
False
Suppose p - m = 244, -4*m - 380 = -3*p + 347. Let i be 16*-3 - -2 - 2. Let r = p + i. Is r a composite number?
True
Let k be (3 - 3)/(2 - 1 - -1). Let a(b) = b**3 + 3*b + 9661. Is a(k) composite?
False
Let p(t) = 24*t**2 - 3*t - 21. Suppose -3*w - 12 - 15 = 0. Let g be p(w). Suppose 3*j + 4*v - g = 983, -j - 3*v = -971. Is j a prime number?
True
Suppose 57608564 + 31835047 = 70*b - 31360079. Is b a composite number?
False
Suppose -3*v = -4*p - 15, -p = -0*v + 3*v - 15. Suppose -12*a = -v*a - 35. Suppose 3*h - 4*s - 550 = 205, -1297 = -a*h - 3*s. Is h a composite number?
False
Let s = -17006 - -82245. Is s prime?
True
Suppose 479*d - 234339 = 472*d. Is d a composite number?
True
Let k(g) be the first derivative of -665*g**4/2 + g**3/3 + g**2 - g + 42. Is k(-2) prime?
True
Suppose 135*d - 121803 = 132*d. Is d a prime number?
False
Suppose -4*c = -5*c - 4*x - 37134, 4*c = x - 148587. Let g = c - -54665. Is g composite?
False
Let r(q) = -3 - 3*q**2 - 18*q + 2*q**2 + 13*q. Let m be r(-3). Suppose 0 = 5*x - x + 2*g - 3878, 5*x = m*g + 4820. Is x a composite number?
False
Let t(l) = l**2 + 15*l + 63. Let h be t(-11). Is (h/(-6))/(-19) + (-16313)/(-6) a prime number?
True
Suppose 3*j + 4*y - 5301 = 7*y, -4*j - 3*y = -7047. Let u = -1015 + j. Is u prime?
False
Let x = -201146 - -351777. Is x a prime number?
False
Is 7 - (-45927 + (-99)/11) a prime number?
True
Let n(b) be the third derivative of 13*b**5/12 + b**4/3 - 23*b**3/6 + b**2 + 13. Is n(5) a prime number?
False
Is (-8 - (-46)/6)*-156441 composite?
False
Let x(h) be the first derivative of 37*h**5/60 - 5*h**4/12 + 2*h**3/3 - 27*h**2/2 + 9. Let n(l) be the second derivative of x(l). Is n(3) composite?
False
Suppose -12935449 + 2621887 = -14*z. Is z a prime number?
False
Suppose -3*l = -3*d - 251058, 3*d - 184054 + 16647 = -2*l. Is l a prime number?
False
Let x(l) = 54*l + 223. Let n be 51/6*(-10)/15*-3. Is x(n) a composite number?
True
Let u(w) = -2*w**3 - 3*w**2 - 2*w + 13. Let b be u(-4). Let o(h) = 6*h + 25. Let x be o(13). Suppose b*g = x*g - 1370. Is g composite?
True
Suppose 0 = -2*n 